{"id":11542,"date":"2021-10-25T13:00:58","date_gmt":"2021-10-25T13:00:58","guid":{"rendered":"https:\/\/www.leds2all.pt\/?post_type=product&#038;p=11542"},"modified":"2022-01-24T19:09:13","modified_gmt":"2022-01-24T19:09:13","slug":"tomada-tv-de-passagem-anti-lte","status":"publish","type":"product","link":"https:\/\/www.leds2all.pt\/?product=tomada-tv-de-passagem-anti-lte","title":{"rendered":"Tomada TV de passagem (anti-LTE);"},"content":{"rendered":"<p>Especifica\u00e7\u00f5es:<\/p>\n<table class=\"tablaCaracteristicas\" border=\"1\">\n<tbody>\n<tr>\n<td class=\"referencias\" rowspan=\"4\">Ref.<\/td>\n<td class=\"referencias\" colspan=\"6\">Atenua\u00e7\u00f5es (dB);<\/td>\n<td class=\"referencias\" rowspan=\"4\">Passagem de<br \/>\ncorrente DC<\/td>\n<\/tr>\n<tr>\n<td class=\"contenido\" colspan=\"5\">Perdas em deriva\u00e7\u00e3o<\/td>\n<td class=\"contenido\" rowspan=\"2\">Perdas de inser\u00e7\u00e3o<\/td>\n<\/tr>\n<tr>\n<td class=\"contenido\">Banda<\/td>\n<td class=\"contenido\">Ret.\/BI<\/td>\n<td class=\"contenido\">FM<\/td>\n<td class=\"contenido\">VHF<\/td>\n<td class=\"contenido\">UHF<\/td>\n<\/tr>\n<tr>\n<td class=\"contenido\">MHz<\/td>\n<td class=\"contenido\">5&#8230;68<\/td>\n<td class=\"contenido\">87.5&#8230;108<\/td>\n<td class=\"contenido\">109&#8230;470<\/td>\n<td class=\"contenido\">470&#8230;862<br \/>\n470&#8230;790*<\/td>\n<td class=\"contenido\">5&#8230;862<\/td>\n<\/tr>\n<tr>\n<td class=\"cabeceras\" rowspan=\"2\">\u00a0523110<\/td>\n<td class=\"contenido\">TV<\/td>\n<td class=\"contenido\" colspan=\"4\">9,5<\/td>\n<td class=\"contenido\">1,3<\/td>\n<td class=\"contenido\" rowspan=\"2\">NO<\/td>\n<\/tr>\n<\/tbody>\n<\/table>\n","protected":false},"excerpt":{"rendered":"<p>Especifica\u00e7\u00f5es: Ref. Atenua\u00e7\u00f5es (dB); Passagem de corrente DC Perdas em deriva\u00e7\u00e3o Perdas de inser\u00e7\u00e3o Banda Ret.\/BI FM VHF UHF MHz 5&#8230;68 87.5&#8230;108 109&#8230;470 470&#8230;862 470&#8230;790* 5&#8230;862 \u00a0523110 TV 9,5 1,3 NO<\/p>\n","protected":false},"featured_media":11543,"comment_status":"open","ping_status":"closed","template":"","meta":{"_monsterinsights_skip_tracking":false,"_monsterinsights_sitenote_active":false,"_monsterinsights_sitenote_note":"","_monsterinsights_sitenote_category":0},"product_brand":[],"product_cat":[608],"product_tag":[687,577,686],"class_list":{"0":"post-11542","1":"product","2":"type-product","3":"status-publish","4":"has-post-thumbnail","6":"product_cat-efapel","7":"product_tag-passagem","8":"product_tag-tomada","9":"product_tag-tv","11":"first","12":"onbackorder","13":"shipping-taxable","14":"purchasable","15":"product-type-simple"},"aioseo_notices":[],"_links":{"self":[{"href":"https:\/\/www.leds2all.pt\/index.php?rest_route=\/wp\/v2\/product\/11542","targetHints":{"allow":["GET"]}}],"collection":[{"href":"https:\/\/www.leds2all.pt\/index.php?rest_route=\/wp\/v2\/product"}],"about":[{"href":"https:\/\/www.leds2all.pt\/index.php?rest_route=\/wp\/v2\/types\/product"}],"replies":[{"embeddable":true,"href":"https:\/\/www.leds2all.pt\/index.php?rest_route=%2Fwp%2Fv2%2Fcomments&post=11542"}],"wp:featuredmedia":[{"embeddable":true,"href":"https:\/\/www.leds2all.pt\/index.php?rest_route=\/wp\/v2\/media\/11543"}],"wp:attachment":[{"href":"https:\/\/www.leds2all.pt\/index.php?rest_route=%2Fwp%2Fv2%2Fmedia&parent=11542"}],"wp:term":[{"taxonomy":"product_brand","embeddable":true,"href":"https:\/\/www.leds2all.pt\/index.php?rest_route=%2Fwp%2Fv2%2Fproduct_brand&post=11542"},{"taxonomy":"product_cat","embeddable":true,"href":"https:\/\/www.leds2all.pt\/index.php?rest_route=%2Fwp%2Fv2%2Fproduct_cat&post=11542"},{"taxonomy":"product_tag","embeddable":true,"href":"https:\/\/www.leds2all.pt\/index.php?rest_route=%2Fwp%2Fv2%2Fproduct_tag&post=11542"}],"curies":[{"name":"wp","href":"https:\/\/api.w.org\/{rel}","templated":true}]}}

<p>Especificações:</p>
<table class="tablaCaracteristicas" border="1">
<tbody>
<tr>
<td class="referencias" rowspan="4">Ref.</td>
<td class="referencias" colspan="6">Atenuações (dB);</td>
<td class="referencias" rowspan="4">Passagem de<br />
corrente DC</td>
</tr>
<tr>
<td class="contenido" colspan="5">Perdas em derivação</td>
<td class="contenido" rowspan="2">Perdas de inserção</td>
</tr>
<tr>
<td class="contenido">Banda</td>
<td class="contenido">Ret./BI</td>
<td class="contenido">FM</td>
<td class="contenido">VHF</td>
<td class="contenido">UHF</td>
</tr>
<tr>
<td class="contenido">MHz</td>
<td class="contenido">5&#8230;68</td>
<td class="contenido">87.5&#8230;108</td>
<td class="contenido">109&#8230;470</td>
<td class="contenido">470&#8230;862<br />
470&#8230;790*</td>
<td class="contenido">5&#8230;862</td>
</tr>
<tr>
<td class="cabeceras" rowspan="2"> 523110</td>
<td class="contenido">TV</td>
<td class="contenido" colspan="4">9,5</td>
<td class="contenido">1,3</td>
<td class="contenido" rowspan="2">NO</td>
</tr>
</tbody>
</table>

<p>Especificações: Ref. Atenuações (dB); Passagem de corrente DC Perdas em derivação Perdas de inserção Banda Ret./BI FM VHF UHF MHz 5&#8230;68 87.5&#8230;108 109&#8230;470 470&#8230;862 470&#8230;790* 5&#8230;862  523110 TV 9,5 1,3 NO</p>
