{"id":11786,"date":"2022-01-14T14:17:40","date_gmt":"2022-01-14T14:17:40","guid":{"rendered":"https:\/\/www.leds2all.pt\/?post_type=product&#038;p=11786"},"modified":"2022-01-24T19:22:24","modified_gmt":"2022-01-24T19:22:24","slug":"regua-led-ip40-9w-600mm-6500k-com-interruptor","status":"publish","type":"product","link":"https:\/\/www.leds2all.pt\/?product=regua-led-ip40-9w-600mm-6500k-com-interruptor","title":{"rendered":"R\u00e9gua LED IP40 9W 600mm 6500K com interruptor"},"content":{"rendered":"<table class=\"c-product-table\">\n<tbody class=\"c-product-table__tbody\">\n<tr class=\"row c-product-table__row\">\n<td class=\"c-product-table__cell\">Pot\u00eancia:<\/td>\n<td class=\"c-product-table__cell c-product-table__cell--value\">9 W<\/td>\n<\/tr>\n<tr class=\"row c-product-table__row\">\n<td class=\"c-product-table__cell\">Alimenta\u00e7\u00e3o:<\/td>\n<td class=\"c-product-table__cell c-product-table__cell--value\">220-240V AC<\/td>\n<\/tr>\n<tr class=\"row c-product-table__row\">\n<td class=\"c-product-table__cell\">Frequ\u00eancia:<\/td>\n<td class=\"c-product-table__cell c-product-table__cell--value\">50-60 Hz<\/td>\n<\/tr>\n<tr class=\"row c-product-table__row\">\n<td class=\"c-product-table__cell\">Classe Isolamento El\u00e9trico:<\/td>\n<td class=\"c-product-table__cell c-product-table__cell--value\">II<\/td>\n<\/tr>\n<tr class=\"row c-product-table__row\">\n<td class=\"c-product-table__cell\">Casquilho:<\/td>\n<td class=\"c-product-table__cell c-product-table__cell--value\">T5<\/td>\n<\/tr>\n<tr class=\"row c-product-table__row\">\n<td class=\"c-product-table__cell\">Fonte luminosa:<\/td>\n<td class=\"c-product-table__cell c-product-table__cell--value\">SMD 2835<\/td>\n<\/tr>\n<tr class=\"row c-product-table__row\">\n<td class=\"c-product-table__cell\">CRI:<\/td>\n<td class=\"c-product-table__cell c-product-table__cell--value\">80<\/td>\n<\/tr>\n<tr class=\"row c-product-table__row\">\n<td class=\"c-product-table__cell\">Luminosidade:<\/td>\n<td class=\"c-product-table__cell c-product-table__cell--value\">900 lm<\/td>\n<\/tr>\n<tr class=\"row c-product-table__row\">\n<td class=\"c-product-table__cell\">Efici\u00eancia Luminosa:<\/td>\n<td class=\"c-product-table__cell c-product-table__cell--value\">100 lm\/W<\/td>\n<\/tr>\n<tr class=\"row c-product-table__row\">\n<td class=\"c-product-table__cell\">Efici\u00eancia energ\u00e9tica 2021 (UE-2019\/2015);:<\/td>\n<td class=\"c-product-table__cell c-product-table__cell--value\">A+<\/td>\n<\/tr>\n<tr class=\"row c-product-table__row\">\n<td class=\"c-product-table__cell\">Efici\u00eancia energ\u00e9tica 2023 (UE-2019\/2015);:<\/td>\n<td class=\"c-product-table__cell c-product-table__cell--value\">F<\/td>\n<\/tr>\n<tr class=\"row c-product-table__row\">\n<td class=\"c-product-table__cell\">\u00c1ngulo de Abertura:<\/td>\n<td class=\"c-product-table__cell c-product-table__cell--value\">120\u00ba<\/td>\n<\/tr>\n<tr class=\"row c-product-table__row\">\n<td class=\"c-product-table__cell\">Tipo de Lente:<\/td>\n<td class=\"c-product-table__cell c-product-table__cell--value\">Transl\u00facido<\/td>\n<\/tr>\n<tr class=\"row c-product-table__row\">\n<td class=\"c-product-table__cell\">Uso:<\/td>\n<td class=\"c-product-table__cell c-product-table__cell--value\">Interior<\/td>\n<\/tr>\n<tr class=\"row c-product-table__row\">\n<td class=\"c-product-table__cell\">Prote\u00e7\u00e3o IP:<\/td>\n<td class=\"c-product-table__cell c-product-table__cell--value\">IP40<\/td>\n<\/tr>\n<tr class=\"row c-product-table__row\">\n<td class=\"c-product-table__cell\">Material:<\/td>\n<td class=\"c-product-table__cell c-product-table__cell--value\">PC<\/td>\n<\/tr>\n<tr class=\"row c-product-table__row\">\n<td class=\"c-product-table__cell\">Instala\u00e7\u00e3o:<\/td>\n<td class=\"c-product-table__cell c-product-table__cell--value\">Superficie<\/td>\n<\/tr>\n<tr class=\"row c-product-table__row\">\n<td class=\"c-product-table__cell\">Dimens\u00f5es:<\/td>\n<td class=\"c-product-table__cell c-product-table__cell--value\">600x22x35mm<\/td>\n<\/tr>\n<tr class=\"row c-product-table__row\">\n<td class=\"c-product-table__cell\">Comprimento:<\/td>\n<td class=\"c-product-table__cell c-product-table__cell--value\">600 mm<\/td>\n<\/tr>\n<tr class=\"row c-product-table__row\">\n<td class=\"c-product-table__cell\">Vida \u00datil:<\/td>\n<td class=\"c-product-table__cell c-product-table__cell--value\">30.000 Horas<\/td>\n<\/tr>\n<\/tbody>\n<\/table>\n<p>&nbsp;<\/p>\n<p>&nbsp;<\/p>\n","protected":false},"excerpt":{"rendered":"<p>Pot\u00eancia: 9 W Alimenta\u00e7\u00e3o: 220-240V AC Frequ\u00eancia: 50-60 Hz Classe Isolamento El\u00e9trico: II Casquilho: T5 Fonte luminosa: SMD 2835 CRI: 80 Luminosidade: 900 lm Efici\u00eancia Luminosa: 100 lm\/W Efici\u00eancia energ\u00e9tica 2021 (UE-2019\/2015);: A+ Efici\u00eancia energ\u00e9tica 2023 (UE-2019\/2015);: F \u00c1ngulo de Abertura: 120\u00ba Tipo de Lente: Transl\u00facido Uso: Interior Prote\u00e7\u00e3o IP: IP40 Material: PC Instala\u00e7\u00e3o: Superficie [&hellip;]<\/p>\n","protected":false},"featured_media":11787,"comment_status":"open","ping_status":"closed","template":"","meta":{"_monsterinsights_skip_tracking":false,"_monsterinsights_sitenote_active":false,"_monsterinsights_sitenote_note":"","_monsterinsights_sitenote_category":0},"product_brand":[],"product_cat":[486],"product_tag":[479,480,333,485,693],"class_list":{"0":"post-11786","1":"product","2":"type-product","3":"status-publish","4":"has-post-thumbnail","6":"product_cat-armaduras","7":"product_tag-600mm","8":"product_tag-6500k","9":"product_tag-9w","10":"product_tag-armadura","11":"product_tag-regua","13":"first","14":"onbackorder","15":"shipping-taxable","16":"purchasable","17":"product-type-simple"},"aioseo_notices":[],"_links":{"self":[{"href":"https:\/\/www.leds2all.pt\/index.php?rest_route=\/wp\/v2\/product\/11786","targetHints":{"allow":["GET"]}}],"collection":[{"href":"https:\/\/www.leds2all.pt\/index.php?rest_route=\/wp\/v2\/product"}],"about":[{"href":"https:\/\/www.leds2all.pt\/index.php?rest_route=\/wp\/v2\/types\/product"}],"replies":[{"embeddable":true,"href":"https:\/\/www.leds2all.pt\/index.php?rest_route=%2Fwp%2Fv2%2Fcomments&post=11786"}],"wp:featuredmedia":[{"embeddable":true,"href":"https:\/\/www.leds2all.pt\/index.php?rest_route=\/wp\/v2\/media\/11787"}],"wp:attachment":[{"href":"https:\/\/www.leds2all.pt\/index.php?rest_route=%2Fwp%2Fv2%2Fmedia&parent=11786"}],"wp:term":[{"taxonomy":"product_brand","embeddable":true,"href":"https:\/\/www.leds2all.pt\/index.php?rest_route=%2Fwp%2Fv2%2Fproduct_brand&post=11786"},{"taxonomy":"product_cat","embeddable":true,"href":"https:\/\/www.leds2all.pt\/index.php?rest_route=%2Fwp%2Fv2%2Fproduct_cat&post=11786"},{"taxonomy":"product_tag","embeddable":true,"href":"https:\/\/www.leds2all.pt\/index.php?rest_route=%2Fwp%2Fv2%2Fproduct_tag&post=11786"}],"curies":[{"name":"wp","href":"https:\/\/api.w.org\/{rel}","templated":true}]}}