{"id":14524,"date":"2024-09-09T14:55:55","date_gmt":"2024-09-09T14:55:55","guid":{"rendered":"https:\/\/www.leds2all.pt\/?product=caleffi-valvula-de-seguridad-caleffi-solar-253040"},"modified":"2024-09-09T15:30:37","modified_gmt":"2024-09-09T15:30:37","slug":"caleffi-valvula-de-seguridad-caleffi-solar-253040","status":"publish","type":"product","link":"https:\/\/www.leds2all.pt\/?product=caleffi-valvula-de-seguridad-caleffi-solar-253040","title":{"rendered":"Caleffi V\u00e1lvula de seguridad Caleffi Solar 253040"},"content":{"rendered":"<p>&#8220;V\u00e1lvula de seguridad para sistemas solares. Cuerpo de lat\u00f3n. Chrome. Conexiones hembra-hembra. PN 10. Rango de temperatura: -30 \u00f7 160 \u00b0 C. Porcentaje m\u00e1ximo de glicol: 50%. Salida de escape aumentada. Potencial de descarga: 1\/2 &#8220;- 50 kW 3\/4 &#8220;- 100 kW. T\u00dcV aprobado de acuerdo con TRD 721 &#8211; SV 100 \u00a7 7.7. Ajustes: 2,5 &#8211; 3 &#8211; 4 &#8211; 6 &#8211; 8 &#8211; 10 bar &#8220;.<\/p>\n","protected":false},"excerpt":{"rendered":"<p>&#8220;V\u00e1lvula de seguridad para sistemas solares. Cuerpo de lat\u00f3n. Chrome. Conexiones hembra-hembra. PN 10. Rango de temperatura: -30 \u00f7 160 \u00b0 C. Porcentaje m\u00e1ximo de glicol: 50%. Salida de escape aumentada. Potencial de descarga: 1\/2 &#8220;- 50 kW 3\/4 &#8220;- 100 kW. T\u00dcV aprobado de acuerdo con TRD 721 &#8211; SV 100 \u00a7 7.7. Ajustes: [&hellip;]<\/p>\n","protected":false},"featured_media":14525,"comment_status":"closed","ping_status":"closed","template":"","meta":{"_monsterinsights_skip_tracking":false,"_monsterinsights_sitenote_active":false,"_monsterinsights_sitenote_note":"","_monsterinsights_sitenote_category":0},"product_brand":[],"product_cat":[498],"product_tag":[],"class_list":{"0":"post-14524","1":"product","2":"type-product","3":"status-publish","4":"has-post-thumbnail","6":"product_cat-lampadas-incandescentes","8":"first","9":"instock","10":"shipping-taxable","11":"purchasable","12":"product-type-simple"},"aioseo_notices":[],"_links":{"self":[{"href":"https:\/\/www.leds2all.pt\/index.php?rest_route=\/wp\/v2\/product\/14524","targetHints":{"allow":["GET"]}}],"collection":[{"href":"https:\/\/www.leds2all.pt\/index.php?rest_route=\/wp\/v2\/product"}],"about":[{"href":"https:\/\/www.leds2all.pt\/index.php?rest_route=\/wp\/v2\/types\/product"}],"replies":[{"embeddable":true,"href":"https:\/\/www.leds2all.pt\/index.php?rest_route=%2Fwp%2Fv2%2Fcomments&post=14524"}],"wp:featuredmedia":[{"embeddable":true,"href":"https:\/\/www.leds2all.pt\/index.php?rest_route=\/wp\/v2\/media\/14525"}],"wp:attachment":[{"href":"https:\/\/www.leds2all.pt\/index.php?rest_route=%2Fwp%2Fv2%2Fmedia&parent=14524"}],"wp:term":[{"taxonomy":"product_brand","embeddable":true,"href":"https:\/\/www.leds2all.pt\/index.php?rest_route=%2Fwp%2Fv2%2Fproduct_brand&post=14524"},{"taxonomy":"product_cat","embeddable":true,"href":"https:\/\/www.leds2all.pt\/index.php?rest_route=%2Fwp%2Fv2%2Fproduct_cat&post=14524"},{"taxonomy":"product_tag","embeddable":true,"href":"https:\/\/www.leds2all.pt\/index.php?rest_route=%2Fwp%2Fv2%2Fproduct_tag&post=14524"}],"curies":[{"name":"wp","href":"https:\/\/api.w.org\/{rel}","templated":true}]}}