{"id":15396,"date":"2025-07-30T16:25:46","date_gmt":"2025-07-30T16:25:46","guid":{"rendered":"https:\/\/www.leds2all.pt\/?product=creality-falcon-a1-grabador-y-cortador-laser-10-w-grabado-laser-cerrada-con-camara-inteligente-reconocimiento-automatico-de-materiales-corexy-de-600-mm-s-posicionamiento-preciso-para-metal-madera"},"modified":"2025-07-31T14:41:24","modified_gmt":"2025-07-31T14:41:24","slug":"creality-falcon-a1-grabador-y-cortador-laser-10-w-grabado-laser-cerrada-con-camara-inteligente-reconocimiento-automatico-de-materiales-corexy-de-600-mm-s-posicionamiento-preciso-para-metal-madera","status":"publish","type":"product","link":"https:\/\/www.leds2all.pt\/?product=creality-falcon-a1-grabador-y-cortador-laser-10-w-grabado-laser-cerrada-con-camara-inteligente-reconocimiento-automatico-de-materiales-corexy-de-600-mm-s-posicionamiento-preciso-para-metal-madera","title":{"rendered":"Creality Falcon A1 Grabador y cortador l\u00e1ser 10 W, grabado l\u00e1ser cerrada con c\u00e1mara inteligente, reconocimiento autom\u00e1tico de materiales, CoreXY de 600 mm\/s, posicionamiento preciso para metal madera"},"content":{"rendered":"<ul class=\"a-unordered-list a-vertical a-spacing-mini\">\n<li class=\"a-spacing-mini\"><span class=\"a-list-item\">Gravuras a laser v\u00edvidas e corte a laser limpo de 10 W: obtenha detalhes n\u00edtidos e realistas com o ponto laser comprimido ultrafino de 0,06 x 0,08 mm. Os lasers de feixe duplo combinam para formar um poderoso ponto de corte que corta materiais sem esfor\u00e7o.<\/span><\/li>\n<li class=\"a-spacing-mini\"><span class=\"a-list-item\">C\u00e2mara inteligente, opera\u00e7\u00f5es simples: A vis\u00e3o de fotograma completo e a c\u00e2mara de alta defini\u00e7\u00e3o pr\u00e9-calibrada simplificam todo o processo. A c\u00e2mara possui visualiza\u00e7\u00e3o ao vivo, enchimento em lote com um s\u00f3 clique para maior efici\u00eancia e fun\u00e7\u00e3o de extra\u00e7\u00e3o de contorno gr\u00e1fico, tornando cada etapa da opera\u00e7\u00e3o f\u00e1cil e intuitiva desde o in\u00edcio, eliminando a complexidade das configura\u00e7\u00f5es manuais.<\/span><\/li>\n<li class=\"a-spacing-mini\"><span class=\"a-list-item\">Reconhecimento autom\u00e1tico de materiais selecionados pela Falcon: O gravador a laser Creality Falcon A1 detecta automaticamente os materiais atrav\u00e9s de um sistema de c\u00f3digo QR integrado, otimizando a configura\u00e7\u00e3o de grava\u00e7\u00e3o e corte sem necessidade de configura\u00e7\u00e3o manual. Acabaram os testes tediosos: basta conect\u00e1-lo e pronto para obter resultados perfeitos.<\/span><\/li>\n<li class=\"a-spacing-mini\"><span class=\"a-list-item\">CoreXY para at\u00e9 600 mm\/s: Os eixos X e Y do Falcon A1 s\u00e3o acoplados com dois motores potentes para um trabalho r\u00e1pido e est\u00e1vel. A sua velocidade \u00e9 tr\u00eas vezes superior \u00e0 de outros. As correias XY s\u00e3o esticadas automaticamente para garantir um movimento est\u00e1vel e sem deslizamentos dos m\u00f3dulos laser, mantendo uma precis\u00e3o de at\u00e9 0,01 mm.<\/span><\/li>\n<li class=\"a-spacing-mini\"><span class=\"a-list-item\">Design estrutural: Estrutura met\u00e1lica com pe\u00e7as fundidas a press\u00e3o, fabricada por fundi\u00e7\u00e3o a press\u00e3o integrada, com menos parafusos e uni\u00f5es, garantindo um trabalho est\u00e1vel e silencioso. A ampla cobertura de alta transpar\u00eancia oferece excelente filtragem, permitindo uma observa\u00e7\u00e3o clara do processo sem a necessidade de \u00f3culos de prote\u00e7\u00e3o. Dimens\u00f5es da impressora: 447,5 x 553 x 200 mm. Crie grande, crie mais. Ampla \u00e1rea de trabalho para a sua criatividade infinita.<\/span><\/li>\n<li class=\"a-spacing-mini\"><span class=\"a-list-item\">Capa segura: A capa totalmente fechada bloqueia a luz laser prejudicial, para que possa desfrutar das suas cria\u00e7\u00f5es sem preocupa\u00e7\u00f5es. O filtro de escape de fumo integrado e dois ventiladores de refrigera\u00e7\u00e3o na cabe\u00e7a laser extraem efetivamente o fumo durante o processamento. Durante o trabalho a laser, a tampa abre-se automaticamente para evitar fugas.<\/span><\/li>\n<\/ul>\n","protected":false},"excerpt":{"rendered":"<p>Gravuras a laser v\u00edvidas e corte a laser limpo de 10 W: obtenha detalhes n\u00edtidos e realistas com o ponto laser comprimido ultrafino de 0,06 x 0,08 mm. Os lasers de feixe duplo combinam para formar um poderoso ponto de corte que corta materiais sem esfor\u00e7o. C\u00e2mara inteligente, opera\u00e7\u00f5es simples: A vis\u00e3o de fotograma completo [&hellip;]<\/p>\n","protected":false},"featured_media":15397,"comment_status":"closed","ping_status":"closed","template":"","meta":{"_monsterinsights_skip_tracking":false,"_monsterinsights_sitenote_active":false,"_monsterinsights_sitenote_note":"","_monsterinsights_sitenote_category":0},"product_brand":[],"product_cat":[915],"product_tag":[928,930,916,927,929,762],"class_list":{"0":"post-15396","1":"product","2":"type-product","3":"status-publish","4":"has-post-thumbnail","6":"product_cat-creality","7":"product_tag-a1","8":"product_tag-cortador","9":"product_tag-creality","10":"product_tag-falcon","11":"product_tag-gravador","12":"product_tag-laser","14":"first","15":"instock","16":"shipping-taxable","17":"purchasable","18":"product-type-simple"},"aioseo_notices":[],"_links":{"self":[{"href":"https:\/\/www.leds2all.pt\/index.php?rest_route=\/wp\/v2\/product\/15396","targetHints":{"allow":["GET"]}}],"collection":[{"href":"https:\/\/www.leds2all.pt\/index.php?rest_route=\/wp\/v2\/product"}],"about":[{"href":"https:\/\/www.leds2all.pt\/index.php?rest_route=\/wp\/v2\/types\/product"}],"replies":[{"embeddable":true,"href":"https:\/\/www.leds2all.pt\/index.php?rest_route=%2Fwp%2Fv2%2Fcomments&post=15396"}],"wp:featuredmedia":[{"embeddable":true,"href":"https:\/\/www.leds2all.pt\/index.php?rest_route=\/wp\/v2\/media\/15397"}],"wp:attachment":[{"href":"https:\/\/www.leds2all.pt\/index.php?rest_route=%2Fwp%2Fv2%2Fmedia&parent=15396"}],"wp:term":[{"taxonomy":"product_brand","embeddable":true,"href":"https:\/\/www.leds2all.pt\/index.php?rest_route=%2Fwp%2Fv2%2Fproduct_brand&post=15396"},{"taxonomy":"product_cat","embeddable":true,"href":"https:\/\/www.leds2all.pt\/index.php?rest_route=%2Fwp%2Fv2%2Fproduct_cat&post=15396"},{"taxonomy":"product_tag","embeddable":true,"href":"https:\/\/www.leds2all.pt\/index.php?rest_route=%2Fwp%2Fv2%2Fproduct_tag&post=15396"}],"curies":[{"name":"wp","href":"https:\/\/api.w.org\/{rel}","templated":true}]}}