{"id":8389,"date":"2019-03-26T18:19:32","date_gmt":"2019-03-26T18:19:32","guid":{"rendered":"https:\/\/www.leds2all.pt\/?post_type=product&#038;p=8389"},"modified":"2021-12-04T13:13:12","modified_gmt":"2021-12-04T13:13:12","slug":"lampada-led-opalina-220v-e14-10w-branco-q-3000k-2","status":"publish","type":"product","link":"https:\/\/www.leds2all.pt\/?product=lampada-led-opalina-220v-e14-10w-branco-q-3000k-2","title":{"rendered":"Lampada LED Opalina 220V E14 9W Branco Q. 3000K"},"content":{"rendered":"<p>Certificado: CE<br \/>\nCusto de elimina\u00e7\u00e3o de res\u00edduos: 11 gr \/ kg<br \/>\nN\u00famero de l\u00famens: 675 lm<br \/>\nConsumo de energia: 10 W<br \/>\nTempo de vida: 30 000 horas<br \/>\nTom: branco quente<br \/>\nTemperatura de cor: 3000 K<br \/>\nTens\u00e3o de trabalho: 170 &#8211; 250 V (50 &#8211; 60 Hz);<br \/>\nLLMF: &gt; 70%<\/p>\n","protected":false},"excerpt":{"rendered":"<p>Certificado: CE Custo de elimina\u00e7\u00e3o de res\u00edduos: 11 gr \/ kg N\u00famero de l\u00famens: 675 lm Consumo de energia: 10 W Tempo de vida: 30 000 horas Tom: branco quente Temperatura de cor: 3000 K Tens\u00e3o de trabalho: 170 &#8211; 250 V (50 &#8211; 60 Hz); LLMF: &gt; 70%<\/p>\n","protected":false},"featured_media":0,"comment_status":"open","ping_status":"closed","template":"","meta":{"_monsterinsights_skip_tracking":false,"_monsterinsights_sitenote_active":false,"_monsterinsights_sitenote_note":"","_monsterinsights_sitenote_category":0},"product_brand":[],"product_cat":[321],"product_tag":[327,333,326],"class_list":{"0":"post-8389","1":"product","2":"type-product","3":"status-publish","5":"product_cat-e14","6":"product_tag-3000k","7":"product_tag-9w","8":"product_tag-e14","10":"first","11":"instock","12":"shipping-taxable","13":"product-type-simple"},"aioseo_notices":[],"_links":{"self":[{"href":"https:\/\/www.leds2all.pt\/index.php?rest_route=\/wp\/v2\/product\/8389","targetHints":{"allow":["GET"]}}],"collection":[{"href":"https:\/\/www.leds2all.pt\/index.php?rest_route=\/wp\/v2\/product"}],"about":[{"href":"https:\/\/www.leds2all.pt\/index.php?rest_route=\/wp\/v2\/types\/product"}],"replies":[{"embeddable":true,"href":"https:\/\/www.leds2all.pt\/index.php?rest_route=%2Fwp%2Fv2%2Fcomments&post=8389"}],"wp:attachment":[{"href":"https:\/\/www.leds2all.pt\/index.php?rest_route=%2Fwp%2Fv2%2Fmedia&parent=8389"}],"wp:term":[{"taxonomy":"product_brand","embeddable":true,"href":"https:\/\/www.leds2all.pt\/index.php?rest_route=%2Fwp%2Fv2%2Fproduct_brand&post=8389"},{"taxonomy":"product_cat","embeddable":true,"href":"https:\/\/www.leds2all.pt\/index.php?rest_route=%2Fwp%2Fv2%2Fproduct_cat&post=8389"},{"taxonomy":"product_tag","embeddable":true,"href":"https:\/\/www.leds2all.pt\/index.php?rest_route=%2Fwp%2Fv2%2Fproduct_tag&post=8389"}],"curies":[{"name":"wp","href":"https:\/\/api.w.org\/{rel}","templated":true}]}}