{"id":8645,"date":"2019-04-08T23:54:26","date_gmt":"2019-04-08T23:54:26","guid":{"rendered":"https:\/\/www.leds2all.pt\/?post_type=product&#038;p=8645"},"modified":"2022-09-26T12:53:20","modified_gmt":"2022-09-26T12:53:20","slug":"lampada-e27-globo-led-d120-20w-4000k-2000lm","status":"publish","type":"product","link":"https:\/\/www.leds2all.pt\/?product=lampada-e27-globo-led-d120-20w-4000k-2000lm","title":{"rendered":"L\u00e2mpada E27 Globo LED D120 20W 4000K 2000lm"},"content":{"rendered":"<h3 class=\"mb-3\">ESPECIFICA\u00c7\u00d5ES<\/h3>\n<div class=\"row specifications\">\n<div class=\"col-6 col-lg-4 col-xl-6 mb-2\">Formato: Globo<\/div>\n<div class=\"col-6 col-lg-4 col-xl-6 mb-2\">Casquilho: E27<\/div>\n<div class=\"col-6 col-lg-4 col-xl-6 mb-2\">Di\u00e2metro : 12 cm<\/div>\n<div class=\"col-6 col-lg-4 col-xl-6 mb-2\">Altura: 15.6 cm<\/div>\n<div class=\"col-6 col-lg-4 col-xl-6 mb-2\">Classe energ\u00e9tica da l\u00e2mpada : A+<\/div>\n<div class=\"col-6 col-lg-4 col-xl-6 mb-2\">Tens\u00e3o: 230 V ~ 50 Hz<\/div>\n<div class=\"col-6 col-lg-4 col-xl-6 mb-2\">Suporte: E27<\/div>\n<div class=\"col-6 col-lg-4 col-xl-6 mb-2\">Pot\u00eancia m\u00e1xima: 20W<\/div>\n<div class=\"col-6 col-lg-4 col-xl-6 mb-2\">Cor da luz: 4000 K<\/div>\n<div class=\"col-6 col-lg-4 col-xl-6 mb-2\">Quantidade de luz: 2000 lm<\/div>\n<div class=\"col-6 col-lg-4 col-xl-6 mb-2\">Quantidade de luz regul\u00e1vel: N\u00e3o<\/div>\n<div class=\"col-6 col-lg-4 col-xl-6 mb-2\">Fator de pot\u00eancia: 0.90<\/div>\n<div class=\"col-6 col-lg-4 col-xl-6 mb-2\">Pot\u00eancia equivalente: 126=20W<\/div>\n<div class=\"col-6 col-lg-4 col-xl-6 mb-2\">Tempo m\u00e9dio de vida: 15000 h<\/div>\n<\/div>\n","protected":false},"excerpt":{"rendered":"<p>ESPECIFICA\u00c7\u00d5ES Formato: Globo Casquilho: E27 Di\u00e2metro : 12 cm Altura: 15.6 cm Classe energ\u00e9tica da l\u00e2mpada : A+ Tens\u00e3o: 230 V ~ 50 Hz Suporte: E27 Pot\u00eancia m\u00e1xima: 20W Cor da luz: 4000 K Quantidade de luz: 2000 lm Quantidade de luz regul\u00e1vel: N\u00e3o Fator de pot\u00eancia: 0.90 Pot\u00eancia equivalente: 126=20W Tempo m\u00e9dio de vida: [&hellip;]<\/p>\n","protected":false},"featured_media":0,"comment_status":"open","ping_status":"closed","template":"","meta":{"_monsterinsights_skip_tracking":false,"_monsterinsights_sitenote_active":false,"_monsterinsights_sitenote_note":"","_monsterinsights_sitenote_category":0},"product_brand":[],"product_cat":[359],"product_tag":[395,336,360,748],"class_list":{"0":"post-8645","1":"product","2":"type-product","3":"status-publish","5":"product_cat-e27","6":"product_tag-20w","7":"product_tag-4000k","8":"product_tag-e27","9":"product_tag-g120","11":"first","12":"instock","13":"shipping-taxable","14":"product-type-simple"},"aioseo_notices":[],"_links":{"self":[{"href":"https:\/\/www.leds2all.pt\/index.php?rest_route=\/wp\/v2\/product\/8645","targetHints":{"allow":["GET"]}}],"collection":[{"href":"https:\/\/www.leds2all.pt\/index.php?rest_route=\/wp\/v2\/product"}],"about":[{"href":"https:\/\/www.leds2all.pt\/index.php?rest_route=\/wp\/v2\/types\/product"}],"replies":[{"embeddable":true,"href":"https:\/\/www.leds2all.pt\/index.php?rest_route=%2Fwp%2Fv2%2Fcomments&post=8645"}],"wp:attachment":[{"href":"https:\/\/www.leds2all.pt\/index.php?rest_route=%2Fwp%2Fv2%2Fmedia&parent=8645"}],"wp:term":[{"taxonomy":"product_brand","embeddable":true,"href":"https:\/\/www.leds2all.pt\/index.php?rest_route=%2Fwp%2Fv2%2Fproduct_brand&post=8645"},{"taxonomy":"product_cat","embeddable":true,"href":"https:\/\/www.leds2all.pt\/index.php?rest_route=%2Fwp%2Fv2%2Fproduct_cat&post=8645"},{"taxonomy":"product_tag","embeddable":true,"href":"https:\/\/www.leds2all.pt\/index.php?rest_route=%2Fwp%2Fv2%2Fproduct_tag&post=8645"}],"curies":[{"name":"wp","href":"https:\/\/api.w.org\/{rel}","templated":true}]}}