{"id":8769,"date":"2019-04-26T22:22:48","date_gmt":"2019-04-26T22:22:48","guid":{"rendered":"https:\/\/www.leds2all.pt\/?post_type=product&#038;p=8769"},"modified":"2024-02-27T14:03:40","modified_gmt":"2024-02-27T14:03:40","slug":"projector-led-ip66-220vac-branco-f-6500k-200w-16000lm","status":"publish","type":"product","link":"https:\/\/www.leds2all.pt\/?product=projector-led-ip66-220vac-branco-f-6500k-200w-16000lm","title":{"rendered":"Projector LED IP66 220VAC Branco F. 6500K 200W 16000Lm"},"content":{"rendered":"<p>&#8211; Tens\u00e3o: 230VAC<br \/>\n&#8211; Pot\u00eancia: 200W<br \/>\n&#8211; Temperatura de cor: 6500K +\/-200K (branco frio);<br \/>\n&#8211; Fluxo luminoso: 16000Lm<br \/>\n&#8211; \u00c2ngulo de abertura: 180\u00ba<br \/>\n&#8211; \u00cdndice de protec\u00e7\u00e3o: IP65<br \/>\n&#8211; Com cabo (sem ficha de liga\u00e7\u00e3o);<br \/>\n&#8211; Dimens\u00f5es: 340 x 330 x 60 mm<\/p>\n<p>&nbsp;<\/p>\n<p><span style=\"font-size: 18pt;color: #ff0000\"><strong>ATEN\u00c7\u00c3O:<\/strong><\/span><\/p>\n<p>OS PRODUTOS RECONDICIONADOS T\u00caM GARANTIA DE 6 MESES.<\/p>\n<p>&nbsp;<\/p>\n","protected":false},"excerpt":{"rendered":"<p>&#8211; Tens\u00e3o: 230VAC &#8211; Pot\u00eancia: 200W &#8211; Temperatura de cor: 6500K +\/-200K (branco frio); &#8211; Fluxo luminoso: 16000Lm &#8211; \u00c2ngulo de abertura: 180\u00ba &#8211; \u00cdndice de protec\u00e7\u00e3o: IP65 &#8211; Com cabo (sem ficha de liga\u00e7\u00e3o); &#8211; Dimens\u00f5es: 340 x 330 x 60 mm &nbsp; ATEN\u00c7\u00c3O: OS PRODUTOS RECONDICIONADOS T\u00caM GARANTIA DE 6 MESES. &nbsp;<\/p>\n","protected":false},"featured_media":0,"comment_status":"open","ping_status":"closed","template":"","meta":{"_monsterinsights_skip_tracking":false,"_monsterinsights_sitenote_active":false,"_monsterinsights_sitenote_note":"","_monsterinsights_sitenote_category":0},"product_brand":[],"product_cat":[684],"product_tag":[418,339],"class_list":{"0":"post-8769","1":"product","2":"type-product","3":"status-publish","5":"product_cat-usados","6":"product_tag-200w","7":"product_tag-6000k","9":"first","10":"instock","11":"shipping-taxable","12":"purchasable","13":"product-type-simple"},"aioseo_notices":[],"_links":{"self":[{"href":"https:\/\/www.leds2all.pt\/index.php?rest_route=\/wp\/v2\/product\/8769","targetHints":{"allow":["GET"]}}],"collection":[{"href":"https:\/\/www.leds2all.pt\/index.php?rest_route=\/wp\/v2\/product"}],"about":[{"href":"https:\/\/www.leds2all.pt\/index.php?rest_route=\/wp\/v2\/types\/product"}],"replies":[{"embeddable":true,"href":"https:\/\/www.leds2all.pt\/index.php?rest_route=%2Fwp%2Fv2%2Fcomments&post=8769"}],"wp:attachment":[{"href":"https:\/\/www.leds2all.pt\/index.php?rest_route=%2Fwp%2Fv2%2Fmedia&parent=8769"}],"wp:term":[{"taxonomy":"product_brand","embeddable":true,"href":"https:\/\/www.leds2all.pt\/index.php?rest_route=%2Fwp%2Fv2%2Fproduct_brand&post=8769"},{"taxonomy":"product_cat","embeddable":true,"href":"https:\/\/www.leds2all.pt\/index.php?rest_route=%2Fwp%2Fv2%2Fproduct_cat&post=8769"},{"taxonomy":"product_tag","embeddable":true,"href":"https:\/\/www.leds2all.pt\/index.php?rest_route=%2Fwp%2Fv2%2Fproduct_tag&post=8769"}],"curies":[{"name":"wp","href":"https:\/\/api.w.org\/{rel}","templated":true}]}}