{"id":8790,"date":"2019-05-07T17:35:41","date_gmt":"2019-05-07T10:35:41","guid":{"rendered":"https:\/\/www.leds2all.pt\/?post_type=product&#038;p=8790"},"modified":"2020-05-21T16:56:23","modified_gmt":"2020-05-21T16:56:23","slug":"painel-de-led-quadrado-20-x-20cm-15w-6000k-1400lm","status":"publish","type":"product","link":"https:\/\/www.leds2all.pt\/?product=painel-de-led-quadrado-20-x-20cm-15w-6000k-1400lm","title":{"rendered":"Painel de LED Quadrado (20 x 20cm); 15W 6000K"},"content":{"rendered":"<p>&#8211; Tens\u00e3o: 230VAC \/ 50Hz<br \/>\n&#8211; Pot\u00eancia: 15W<br \/>\n&#8211; Fluxo luminoso: 1200Lm<br \/>\n&#8211; Temperatura da cor: 6000K (Branco Frio);<\/p>\n<p>Dimens\u00f5es de instala\u00e7\u00e3o: 180x180mm<br \/>\nDimens\u00f5es exteriores: 200x200mm<\/p>\n","protected":false},"excerpt":{"rendered":"<p>&#8211; Tens\u00e3o: 230VAC \/ 50Hz &#8211; Pot\u00eancia: 15W &#8211; Fluxo luminoso: 1200Lm &#8211; Temperatura da cor: 6000K (Branco Frio); Dimens\u00f5es de instala\u00e7\u00e3o: 180x180mm Dimens\u00f5es exteriores: 200x200mm<\/p>\n","protected":false},"featured_media":0,"comment_status":"open","ping_status":"closed","template":"","meta":{"_monsterinsights_skip_tracking":false,"_monsterinsights_sitenote_active":false,"_monsterinsights_sitenote_note":"","_monsterinsights_sitenote_category":0},"product_brand":[],"product_cat":[419,420],"product_tag":[361,339,421,422],"class_list":{"0":"post-8790","1":"product","2":"type-product","3":"status-publish","5":"product_cat-painel-led","6":"product_cat-painel-quadrado-embutir","7":"product_tag-15w","8":"product_tag-6000k","9":"product_tag-painel","10":"product_tag-quadrado","12":"first","13":"instock","14":"shipping-taxable","15":"product-type-simple"},"aioseo_notices":[],"_links":{"self":[{"href":"https:\/\/www.leds2all.pt\/index.php?rest_route=\/wp\/v2\/product\/8790","targetHints":{"allow":["GET"]}}],"collection":[{"href":"https:\/\/www.leds2all.pt\/index.php?rest_route=\/wp\/v2\/product"}],"about":[{"href":"https:\/\/www.leds2all.pt\/index.php?rest_route=\/wp\/v2\/types\/product"}],"replies":[{"embeddable":true,"href":"https:\/\/www.leds2all.pt\/index.php?rest_route=%2Fwp%2Fv2%2Fcomments&post=8790"}],"wp:attachment":[{"href":"https:\/\/www.leds2all.pt\/index.php?rest_route=%2Fwp%2Fv2%2Fmedia&parent=8790"}],"wp:term":[{"taxonomy":"product_brand","embeddable":true,"href":"https:\/\/www.leds2all.pt\/index.php?rest_route=%2Fwp%2Fv2%2Fproduct_brand&post=8790"},{"taxonomy":"product_cat","embeddable":true,"href":"https:\/\/www.leds2all.pt\/index.php?rest_route=%2Fwp%2Fv2%2Fproduct_cat&post=8790"},{"taxonomy":"product_tag","embeddable":true,"href":"https:\/\/www.leds2all.pt\/index.php?rest_route=%2Fwp%2Fv2%2Fproduct_tag&post=8790"}],"curies":[{"name":"wp","href":"https:\/\/api.w.org\/{rel}","templated":true}]}}