{"id":9092,"date":"2020-01-24T01:23:14","date_gmt":"2020-01-24T01:23:14","guid":{"rendered":"https:\/\/www.leds2all.pt\/?post_type=product&#038;p=9092"},"modified":"2023-08-11T13:19:01","modified_gmt":"2023-08-11T13:19:01","slug":"lampada-booster-ultra150-h4","status":"publish","type":"product","link":"https:\/\/www.leds2all.pt\/?product=lampada-booster-ultra150-h4","title":{"rendered":"L\u00e2mpada Booster Ultra150 H4"},"content":{"rendered":"<ul>\n<li>\n<table class=\"product-table\" cellspacing=\"0\">\n<tbody>\n<tr class=\"product-table\">\n<td class=\"product-table\">Base<\/td>\n<td class=\"product-table\">P43t<\/td>\n<\/tr>\n<tr class=\"product-table\">\n<td class=\"product-table\">Categoria ECE<\/td>\n<td class=\"product-table\">H4<\/td>\n<\/tr>\n<tr class=\"product-table\">\n<td class=\"product-table\">Cor de luz<\/td>\n<td class=\"product-table\">Transparente<\/td>\n<\/tr>\n<tr class=\"product-table\">\n<td class=\"product-table\">Cor<\/td>\n<td class=\"product-table\">Transparente<\/td>\n<\/tr>\n<tr class=\"product-table\">\n<td class=\"product-table\">Fonte de luz<\/td>\n<td class=\"product-table\">Halog\u00e9nio<\/td>\n<\/tr>\n<tr class=\"product-table\">\n<td class=\"product-table\">Marca<\/td>\n<td class=\"product-table\">Lucas<\/td>\n<\/tr>\n<tr class=\"product-table\">\n<td class=\"product-table\">N\u00famero Lucas<\/td>\n<td class=\"product-table\">LLX472CLX2<\/td>\n<\/tr>\n<tr class=\"product-table\">\n<td class=\"product-table\">Pe\u00e7as<\/td>\n<td class=\"product-table\">2 un.<\/td>\n<\/tr>\n<tr class=\"product-table\">\n<td class=\"product-table\">Quantidade da embalagem<\/td>\n<td class=\"product-table\">Twin Pack<\/td>\n<\/tr>\n<tr class=\"product-table\">\n<td class=\"product-table\">Tipo de acondicionamento<\/td>\n<td class=\"product-table\">Caixa<\/td>\n<\/tr>\n<tr class=\"product-table\">\n<td class=\"product-table\">Tipo lampada<\/td>\n<td class=\"product-table\">Head Light<\/td>\n<\/tr>\n<tr class=\"product-table\">\n<td class=\"product-table\">Voltagem<\/td>\n<td class=\"product-table\">12V<\/td>\n<\/tr>\n<tr class=\"product-table\">\n<td class=\"product-table\">Watts<\/td>\n<td class=\"product-table\">60\/55W<\/td>\n<\/tr>\n<\/tbody>\n<\/table>\n<\/li>\n<\/ul>\n","protected":false},"excerpt":{"rendered":"<p>Base P43t Categoria ECE H4 Cor de luz Transparente Cor Transparente Fonte de luz Halog\u00e9nio Marca Lucas N\u00famero Lucas LLX472CLX2 Pe\u00e7as 2 un. Quantidade da embalagem Twin Pack Tipo de acondicionamento Caixa Tipo lampada Head Light Voltagem 12V Watts 60\/55W<\/p>\n","protected":false},"featured_media":12956,"comment_status":"open","ping_status":"closed","template":"","meta":{"_monsterinsights_skip_tracking":false,"_monsterinsights_sitenote_active":false,"_monsterinsights_sitenote_note":"","_monsterinsights_sitenote_category":0},"product_brand":[],"product_cat":[440],"product_tag":[444,439],"class_list":{"0":"post-9092","1":"product","2":"type-product","3":"status-publish","4":"has-post-thumbnail","6":"product_cat-iluminacao-halogenio-auto-iluminacao","7":"product_tag-h4","8":"product_tag-lucas","10":"first","11":"instock","12":"shipping-taxable","13":"purchasable","14":"product-type-simple"},"aioseo_notices":[],"_links":{"self":[{"href":"https:\/\/www.leds2all.pt\/index.php?rest_route=\/wp\/v2\/product\/9092","targetHints":{"allow":["GET"]}}],"collection":[{"href":"https:\/\/www.leds2all.pt\/index.php?rest_route=\/wp\/v2\/product"}],"about":[{"href":"https:\/\/www.leds2all.pt\/index.php?rest_route=\/wp\/v2\/types\/product"}],"replies":[{"embeddable":true,"href":"https:\/\/www.leds2all.pt\/index.php?rest_route=%2Fwp%2Fv2%2Fcomments&post=9092"}],"wp:featuredmedia":[{"embeddable":true,"href":"https:\/\/www.leds2all.pt\/index.php?rest_route=\/wp\/v2\/media\/12956"}],"wp:attachment":[{"href":"https:\/\/www.leds2all.pt\/index.php?rest_route=%2Fwp%2Fv2%2Fmedia&parent=9092"}],"wp:term":[{"taxonomy":"product_brand","embeddable":true,"href":"https:\/\/www.leds2all.pt\/index.php?rest_route=%2Fwp%2Fv2%2Fproduct_brand&post=9092"},{"taxonomy":"product_cat","embeddable":true,"href":"https:\/\/www.leds2all.pt\/index.php?rest_route=%2Fwp%2Fv2%2Fproduct_cat&post=9092"},{"taxonomy":"product_tag","embeddable":true,"href":"https:\/\/www.leds2all.pt\/index.php?rest_route=%2Fwp%2Fv2%2Fproduct_tag&post=9092"}],"curies":[{"name":"wp","href":"https:\/\/api.w.org\/{rel}","templated":true}]}}