{"id":9337,"date":"2020-05-20T08:18:31","date_gmt":"2020-05-20T08:18:31","guid":{"rendered":"https:\/\/www.leds2all.pt\/?post_type=product&#038;p=9337"},"modified":"2024-02-25T22:51:41","modified_gmt":"2024-02-25T22:51:41","slug":"lampada-led-e27-a65-220v-12w-branco-quente-3000k","status":"publish","type":"product","link":"https:\/\/www.leds2all.pt\/?product=lampada-led-e27-a65-220v-12w-branco-quente-3000k","title":{"rendered":"Lampada LED E27 A60 220V"},"content":{"rendered":"<h1 class=\"a-size-base-plus a-text-bold\">Sobre este produto<\/h1>\n<ul class=\"a-unordered-list a-vertical a-spacing-mini\">\n<li class=\"a-spacing-mini\"><span class=\"a-list-item\">Especifica\u00e7\u00f5es: l\u00e2mpadas LED padr\u00e3o A60 com tampa E27. N\u00e3o regul\u00e1vel.<\/span><\/li>\n<li class=\"a-spacing-mini\"><span class=\"a-list-item\">Economia de energia: com uma dura\u00e7\u00e3o de at\u00e9 25 000 horas, a luz LED utiliza 80% menos energia do que as l\u00e2mpadas incandescentes.<\/span><\/li>\n<li class=\"a-spacing-mini\"><span class=\"a-list-item\">Liga\u00e7\u00e3o instant\u00e2nea\/IRC de alta qualidade: n\u00e3o ter\u00e1 de esperar que aque\u00e7am. O CRI das l\u00e2mpadas LED da Aigostar \u00e9 sempre superior a 80, perto do valor do sol, refletindo as cores de forma real e natural.<\/span><\/li>\n<li class=\"a-spacing-mini\"><span class=\"a-list-item\">Instala\u00e7\u00e3o r\u00e1pida e f\u00e1cil: tampa grossa E27, instala\u00e7\u00e3o direta em l\u00e2mpadas atrav\u00e9s da tampa.<\/span><\/li>\n<li class=\"a-spacing-mini\"><span class=\"a-list-item\">Garantia de qualidade: a legisla\u00e7\u00e3o da marca de rotulagem energ\u00e9tica da UE introduz uma classifica\u00e7\u00e3o mais simples, utilizando apenas as letras de A G. Os nossos produtos cumprem as normas da estrutura de rotulagem energ\u00e9tica da UE, a classe de efici\u00eancia energ\u00e9tica F corresponde aos produtos A+, ainda melhor do que os produtos A+.<\/span><\/li>\n<\/ul>\n","protected":false},"excerpt":{"rendered":"<p>Sobre este produto Especifica\u00e7\u00f5es: l\u00e2mpadas LED padr\u00e3o A60 com tampa E27. N\u00e3o regul\u00e1vel. Economia de energia: com uma dura\u00e7\u00e3o de at\u00e9 25 000 horas, a luz LED utiliza 80% menos energia do que as l\u00e2mpadas incandescentes. Liga\u00e7\u00e3o instant\u00e2nea\/IRC de alta qualidade: n\u00e3o ter\u00e1 de esperar que aque\u00e7am. O CRI das l\u00e2mpadas LED da Aigostar \u00e9 [&hellip;]<\/p>\n","protected":false},"featured_media":0,"comment_status":"open","ping_status":"closed","template":"","meta":{"_monsterinsights_skip_tracking":false,"_monsterinsights_sitenote_active":false,"_monsterinsights_sitenote_note":"","_monsterinsights_sitenote_category":0},"product_brand":[],"product_cat":[359],"product_tag":[362,327,360],"class_list":{"0":"post-9337","1":"product","2":"type-product","3":"status-publish","5":"product_cat-e27","6":"product_tag-12w","7":"product_tag-3000k","8":"product_tag-e27","10":"first","11":"instock","12":"shipping-taxable","13":"purchasable","14":"product-type-variable"},"aioseo_notices":[],"_links":{"self":[{"href":"https:\/\/www.leds2all.pt\/index.php?rest_route=\/wp\/v2\/product\/9337","targetHints":{"allow":["GET"]}}],"collection":[{"href":"https:\/\/www.leds2all.pt\/index.php?rest_route=\/wp\/v2\/product"}],"about":[{"href":"https:\/\/www.leds2all.pt\/index.php?rest_route=\/wp\/v2\/types\/product"}],"replies":[{"embeddable":true,"href":"https:\/\/www.leds2all.pt\/index.php?rest_route=%2Fwp%2Fv2%2Fcomments&post=9337"}],"wp:attachment":[{"href":"https:\/\/www.leds2all.pt\/index.php?rest_route=%2Fwp%2Fv2%2Fmedia&parent=9337"}],"wp:term":[{"taxonomy":"product_brand","embeddable":true,"href":"https:\/\/www.leds2all.pt\/index.php?rest_route=%2Fwp%2Fv2%2Fproduct_brand&post=9337"},{"taxonomy":"product_cat","embeddable":true,"href":"https:\/\/www.leds2all.pt\/index.php?rest_route=%2Fwp%2Fv2%2Fproduct_cat&post=9337"},{"taxonomy":"product_tag","embeddable":true,"href":"https:\/\/www.leds2all.pt\/index.php?rest_route=%2Fwp%2Fv2%2Fproduct_tag&post=9337"}],"curies":[{"name":"wp","href":"https:\/\/api.w.org\/{rel}","templated":true}]}}