{"id":9377,"date":"2020-05-21T15:28:35","date_gmt":"2020-05-21T15:28:35","guid":{"rendered":"https:\/\/www.leds2all.pt\/?post_type=product&#038;p=9377"},"modified":"2020-09-24T09:54:00","modified_gmt":"2020-09-24T09:54:00","slug":"lampada-led-opalina-220v-e27-3w-branco-frio-6000k","status":"publish","type":"product","link":"https:\/\/www.leds2all.pt\/?product=lampada-led-opalina-220v-e27-3w-branco-frio-6000k","title":{"rendered":"Lampada LED Opalina 220V E27 3W Branco frio 6000k"},"content":{"rendered":"<p>Dimens\u00f5es 35x103mm<br \/>\nTens\u00e3o: 230V AC<br \/>\nPot\u00eancia 3W<br \/>\nCasquilho: E27<br \/>\nCor: 6000K<br \/>\nFluxo Lum.: 240Lm<br \/>\nGraus: 360\u00ba<\/p>\n<p>D37*H100mm<\/p>\n","protected":false},"excerpt":{"rendered":"<p>Dimens\u00f5es 35x103mm Tens\u00e3o: 230V AC Pot\u00eancia 3W Casquilho: E27 Cor: 6000K Fluxo Lum.: 240Lm Graus: 360\u00ba D37*H100mm<\/p>\n","protected":false},"featured_media":8675,"comment_status":"open","ping_status":"closed","template":"","meta":{"_monsterinsights_skip_tracking":false,"_monsterinsights_sitenote_active":false,"_monsterinsights_sitenote_note":"","_monsterinsights_sitenote_category":0},"product_brand":[],"product_cat":[359],"product_tag":[337,339,360],"class_list":{"0":"post-9377","1":"product","2":"type-product","3":"status-publish","4":"has-post-thumbnail","6":"product_cat-e27","7":"product_tag-3w","8":"product_tag-6000k","9":"product_tag-e27","11":"first","12":"onbackorder","13":"shipping-taxable","14":"purchasable","15":"product-type-simple"},"aioseo_notices":[],"_links":{"self":[{"href":"https:\/\/www.leds2all.pt\/index.php?rest_route=\/wp\/v2\/product\/9377","targetHints":{"allow":["GET"]}}],"collection":[{"href":"https:\/\/www.leds2all.pt\/index.php?rest_route=\/wp\/v2\/product"}],"about":[{"href":"https:\/\/www.leds2all.pt\/index.php?rest_route=\/wp\/v2\/types\/product"}],"replies":[{"embeddable":true,"href":"https:\/\/www.leds2all.pt\/index.php?rest_route=%2Fwp%2Fv2%2Fcomments&post=9377"}],"wp:featuredmedia":[{"embeddable":true,"href":"https:\/\/www.leds2all.pt\/index.php?rest_route=\/wp\/v2\/media\/8675"}],"wp:attachment":[{"href":"https:\/\/www.leds2all.pt\/index.php?rest_route=%2Fwp%2Fv2%2Fmedia&parent=9377"}],"wp:term":[{"taxonomy":"product_brand","embeddable":true,"href":"https:\/\/www.leds2all.pt\/index.php?rest_route=%2Fwp%2Fv2%2Fproduct_brand&post=9377"},{"taxonomy":"product_cat","embeddable":true,"href":"https:\/\/www.leds2all.pt\/index.php?rest_route=%2Fwp%2Fv2%2Fproduct_cat&post=9377"},{"taxonomy":"product_tag","embeddable":true,"href":"https:\/\/www.leds2all.pt\/index.php?rest_route=%2Fwp%2Fv2%2Fproduct_tag&post=9377"}],"curies":[{"name":"wp","href":"https:\/\/api.w.org\/{rel}","templated":true}]}}

<p>Dimensões 35x103mm<br />
Tensão: 230V AC<br />
Potência 3W<br />
Casquilho: E27<br />
Cor: 6000K<br />
Fluxo Lum.: 240Lm<br />
Graus: 360º</p>
<p>D37*H100mm</p>

<p>Dimensões 35x103mm Tensão: 230V AC Potência 3W Casquilho: E27 Cor: 6000K Fluxo Lum.: 240Lm Graus: 360º D37*H100mm</p>
