{"id":9400,"date":"2020-05-25T11:01:59","date_gmt":"2020-05-25T11:01:59","guid":{"rendered":"https:\/\/www.leds2all.pt\/?post_type=product&#038;p=9400"},"modified":"2024-03-11T17:32:34","modified_gmt":"2024-03-11T17:32:34","slug":"kit-encastrar-para-paineis-slim","status":"publish","type":"product","link":"https:\/\/www.leds2all.pt\/?product=kit-encastrar-para-paineis-slim","title":{"rendered":"Kit Encastrar para Pain\u00e9is Slim"},"content":{"rendered":"<p align=\"justify\">Kit composto por 4 clips de\u00a0sujei\u00e7\u00e3o e parafusos que nos permite instalar os pain\u00e9is\u00a0encastrados em tecto falso.<\/p>\n<p align=\"justify\"><em>* Para os pain\u00e9is 120&#215;60 e 120&#215;30 recomenda-se adicionar 2 clips adicionais.<\/em><\/p>\n","protected":false},"excerpt":{"rendered":"<p>Kit composto por 4 clips de\u00a0sujei\u00e7\u00e3o e parafusos que nos permite instalar os pain\u00e9is\u00a0encastrados em tecto falso. * Para os pain\u00e9is 120&#215;60 e 120&#215;30 recomenda-se adicionar 2 clips adicionais.<\/p>\n","protected":false},"featured_media":9402,"comment_status":"open","ping_status":"closed","template":"","meta":{"_monsterinsights_skip_tracking":false,"_monsterinsights_sitenote_active":false,"_monsterinsights_sitenote_note":"","_monsterinsights_sitenote_category":0},"product_brand":[],"product_cat":[844],"product_tag":[],"class_list":{"0":"post-9400","1":"product","2":"type-product","3":"status-publish","4":"has-post-thumbnail","6":"product_cat-ed-paineis-de-led","8":"first","9":"onbackorder","10":"shipping-taxable","11":"purchasable","12":"product-type-simple"},"aioseo_notices":[],"_links":{"self":[{"href":"https:\/\/www.leds2all.pt\/index.php?rest_route=\/wp\/v2\/product\/9400","targetHints":{"allow":["GET"]}}],"collection":[{"href":"https:\/\/www.leds2all.pt\/index.php?rest_route=\/wp\/v2\/product"}],"about":[{"href":"https:\/\/www.leds2all.pt\/index.php?rest_route=\/wp\/v2\/types\/product"}],"replies":[{"embeddable":true,"href":"https:\/\/www.leds2all.pt\/index.php?rest_route=%2Fwp%2Fv2%2Fcomments&post=9400"}],"wp:featuredmedia":[{"embeddable":true,"href":"https:\/\/www.leds2all.pt\/index.php?rest_route=\/wp\/v2\/media\/9402"}],"wp:attachment":[{"href":"https:\/\/www.leds2all.pt\/index.php?rest_route=%2Fwp%2Fv2%2Fmedia&parent=9400"}],"wp:term":[{"taxonomy":"product_brand","embeddable":true,"href":"https:\/\/www.leds2all.pt\/index.php?rest_route=%2Fwp%2Fv2%2Fproduct_brand&post=9400"},{"taxonomy":"product_cat","embeddable":true,"href":"https:\/\/www.leds2all.pt\/index.php?rest_route=%2Fwp%2Fv2%2Fproduct_cat&post=9400"},{"taxonomy":"product_tag","embeddable":true,"href":"https:\/\/www.leds2all.pt\/index.php?rest_route=%2Fwp%2Fv2%2Fproduct_tag&post=9400"}],"curies":[{"name":"wp","href":"https:\/\/api.w.org\/{rel}","templated":true}]}}