{"id":9473,"date":"2020-06-03T13:09:31","date_gmt":"2020-06-03T13:09:31","guid":{"rendered":"https:\/\/www.leds2all.pt\/?post_type=product&#038;p=9473"},"modified":"2022-05-26T15:52:08","modified_gmt":"2022-05-26T15:52:08","slug":"armadura-para-lampada-t8-led-600mm","status":"publish","type":"product","link":"https:\/\/www.leds2all.pt\/?product=armadura-para-lampada-t8-led-600mm","title":{"rendered":"Armadura para lampada T8 LED 600mm"},"content":{"rendered":"<p><strong>Esta r\u00e9gua est\u00e1 pensada para os tubos LED T8 tanto em lateral como dois laterais.<\/strong>\u00a0A r\u00e9gua j\u00e1 inclu\u00ed suficiente cabo para realizar a precablagem desejada. Conecta-se \u00e1 rede mediante os cabos fase e neutro.<\/p>\n<p align=\"justify\"><strong>Para alimentar tubos de conex\u00e3o 1 lateral,<\/strong>\u00a0deveremos ter em conta a serigraf\u00eda que incorpora o tubo de conex\u00e3o 1 lateral num dos seus extremos. Esta serigrafia indica o lateral pelo que h\u00e1 que alimentar o tubo. Deveremos colocar a parte do tubo que leva a indica\u00e7\u00e3o no porta-l\u00e2mpadas que tem os cabos vermelho e castanho. \u00c0 continua\u00e7\u00e3o alimentaremos a r\u00e9gua mediante os cabos vermelho e castanho. (Consultar diagrama);.<\/p>\n<p align=\"justify\"><strong>Para alimentar tubos de conex\u00e3o 2 laterais,<\/strong>\u00a0colocaremos o tubo mas esta vez alimentaremos a r\u00e9gua mediante os cabos vermelho e azul (Consultar diagrama);.<\/p>\n<p>&nbsp;<\/p>\n<p><span style=\"color: #ff0000;\">Aten\u00e7\u00e3o:<\/span> A armadura vem preparada para usar lampadas com conex\u00e3o unilateral, mas pode ser facilmente convertida para usar lampadas com conex\u00e3o bilateral.<\/p>\n","protected":false},"excerpt":{"rendered":"<p>Esta r\u00e9gua est\u00e1 pensada para os tubos LED T8 tanto em lateral como dois laterais.\u00a0A r\u00e9gua j\u00e1 inclu\u00ed suficiente cabo para realizar a precablagem desejada. Conecta-se \u00e1 rede mediante os cabos fase e neutro. Para alimentar tubos de conex\u00e3o 1 lateral,\u00a0deveremos ter em conta a serigraf\u00eda que incorpora o tubo de conex\u00e3o 1 lateral num [&hellip;]<\/p>\n","protected":false},"featured_media":9474,"comment_status":"open","ping_status":"closed","template":"","meta":{"_monsterinsights_skip_tracking":false,"_monsterinsights_sitenote_active":false,"_monsterinsights_sitenote_note":"","_monsterinsights_sitenote_category":0},"product_brand":[],"product_cat":[486],"product_tag":[479,485],"class_list":{"0":"post-9473","1":"product","2":"type-product","3":"status-publish","4":"has-post-thumbnail","6":"product_cat-armaduras","7":"product_tag-600mm","8":"product_tag-armadura","10":"first","11":"instock","12":"shipping-taxable","13":"purchasable","14":"product-type-simple"},"aioseo_notices":[],"_links":{"self":[{"href":"https:\/\/www.leds2all.pt\/index.php?rest_route=\/wp\/v2\/product\/9473","targetHints":{"allow":["GET"]}}],"collection":[{"href":"https:\/\/www.leds2all.pt\/index.php?rest_route=\/wp\/v2\/product"}],"about":[{"href":"https:\/\/www.leds2all.pt\/index.php?rest_route=\/wp\/v2\/types\/product"}],"replies":[{"embeddable":true,"href":"https:\/\/www.leds2all.pt\/index.php?rest_route=%2Fwp%2Fv2%2Fcomments&post=9473"}],"wp:featuredmedia":[{"embeddable":true,"href":"https:\/\/www.leds2all.pt\/index.php?rest_route=\/wp\/v2\/media\/9474"}],"wp:attachment":[{"href":"https:\/\/www.leds2all.pt\/index.php?rest_route=%2Fwp%2Fv2%2Fmedia&parent=9473"}],"wp:term":[{"taxonomy":"product_brand","embeddable":true,"href":"https:\/\/www.leds2all.pt\/index.php?rest_route=%2Fwp%2Fv2%2Fproduct_brand&post=9473"},{"taxonomy":"product_cat","embeddable":true,"href":"https:\/\/www.leds2all.pt\/index.php?rest_route=%2Fwp%2Fv2%2Fproduct_cat&post=9473"},{"taxonomy":"product_tag","embeddable":true,"href":"https:\/\/www.leds2all.pt\/index.php?rest_route=%2Fwp%2Fv2%2Fproduct_tag&post=9473"}],"curies":[{"name":"wp","href":"https:\/\/api.w.org\/{rel}","templated":true}]}}