{"id":9493,"date":"2020-06-04T11:07:51","date_gmt":"2020-06-04T11:07:51","guid":{"rendered":"https:\/\/www.leds2all.pt\/?post_type=product&#038;p=9493"},"modified":"2024-02-27T15:15:04","modified_gmt":"2024-02-27T15:15:04","slug":"controlador-fitas-led-rgb-12v","status":"publish","type":"product","link":"https:\/\/www.leds2all.pt\/?product=controlador-fitas-led-rgb-12v","title":{"rendered":"Controlador Musical Fita LED RGB 12V, Comando \u00e1 dist\u00e2ncia IR 20 Bot\u00f5es"},"content":{"rendered":"<table class=\"c-product-table\">\n<tbody class=\"c-product-table__tbody\">\n<tr class=\"row c-product-table__row\">\n<td class=\"c-product-table__cell\">Pot\u00eancia M\u00e1xima<\/td>\n<td class=\"c-product-table__cell c-product-table__cell--value\">72 W<\/td>\n<\/tr>\n<tr class=\"row c-product-table__row\">\n<td class=\"c-product-table__cell\">Alimenta\u00e7\u00e3o:<\/td>\n<td class=\"c-product-table__cell c-product-table__cell--value\">12V DC<\/td>\n<\/tr>\n<tr class=\"row c-product-table__row\">\n<td class=\"c-product-table__cell\">Regulavel:<\/td>\n<td class=\"c-product-table__cell c-product-table__cell--value\">Sim<\/td>\n<\/tr>\n<tr class=\"row c-product-table__row\">\n<td class=\"c-product-table__cell\">Uso:<\/td>\n<td class=\"c-product-table__cell c-product-table__cell--value\">Interior<\/td>\n<\/tr>\n<tr class=\"row c-product-table__row\">\n<td class=\"c-product-table__cell\">Prote\u00e7\u00e3o IP:<\/td>\n<td class=\"c-product-table__cell c-product-table__cell--value\">IP20<\/td>\n<\/tr>\n<tr class=\"row c-product-table__row\">\n<td class=\"c-product-table__cell\">Dimens\u00f5es:<\/td>\n<td class=\"c-product-table__cell c-product-table__cell--value\">60x35x23 mm<\/td>\n<\/tr>\n<tr class=\"row c-product-table__row\">\n<td class=\"c-product-table__cell\">T\u00aa Ambiente Trabalho:<\/td>\n<td class=\"c-product-table__cell c-product-table__cell--value\">-20\u00b0C ~ 60\u00b0C<\/td>\n<\/tr>\n<tr class=\"row c-product-table__row\">\n<td class=\"c-product-table__cell\">Incluido:<\/td>\n<td class=\"c-product-table__cell c-product-table__cell--value\">Controle Remoto IR<\/td>\n<\/tr>\n<tr class=\"row c-product-table__row\">\n<td class=\"c-product-table__cell\">Garantia:<\/td>\n<td class=\"c-product-table__cell c-product-table__cell--value\">3 Anos<\/td>\n<\/tr>\n<tr class=\"row c-product-table__row\">\n<td class=\"c-product-table__cell\">Certificados:<\/td>\n<td class=\"c-product-table__cell c-product-table__cell--value\">CE &amp; RoHS<\/td>\n<\/tr>\n<\/tbody>\n<\/table>\n<p align=\"justify\"><strong>O Controlador Musical de Fita LED RGB 12V permite regular as cores, a luminosidade e o efeito da luz de uma fita LED RGB em base \u00e1 m\u00fasica que est\u00e1 a tocar em cada momento.<\/strong>\u00a0Isto permite-nos ir um passo mais al\u00e9m na decora\u00e7\u00e3o de interiores.<\/p>\n<h2 align=\"justify\">Caracter\u00edsticas do controlador musical de fita LED RGB 12V<\/h2>\n<p align=\"justify\">Com a pot\u00eancia de 72W que disp\u00f5e este controlador musical poder\u00e1s regular, por exemplo, at\u00e9 10m de fita LED RGB 30LED\/m, o que \u00e9 mais que suficiente para satisfazer todas as necessidades luminicas \u00e1s que tenhamos que fazer frente. Dados os parametros constructivos do dispositivo\u00a0<strong>\u00e9 apto para instalar em espa\u00e7os interiores ainda que pode funcionar num rango de temperatura entre os -20\u00baC e os 60\u00baC.<\/strong><\/p>\n<p align=\"justify\">Mediante o sensor de som que leva incorporado reacciona a todo tipo de estimulos sonoros n\u00e3o s\u00f3 \u00e1 m\u00fasica reproduzida desde um dispositivo electr\u00f3nico sen\u00e3o tamb\u00e9m a aquela que provem de instrumentos musicais ou, inclusive, a propria voz.<\/p>\n<p align=\"justify\"><strong>Gra\u00e7as ao Comando \u00e1 Dist\u00e2ncia IR de 20 bot\u00f5es que se incluem poderemos regular a intensidade e a cor da luz da fita LED, e seleccionar o efeito de entre 4 modos distintos:<\/strong>\u00a0piscar RGB, piscar de uma s\u00f3 c\u00f4r, fundido e mudan\u00e7a alternada de c\u00f4r RGB.<\/p>\n","protected":false},"excerpt":{"rendered":"<p>Pot\u00eancia M\u00e1xima 72 W Alimenta\u00e7\u00e3o: 12V DC Regulavel: Sim Uso: Interior Prote\u00e7\u00e3o IP: IP20 Dimens\u00f5es: 60x35x23 mm T\u00aa Ambiente Trabalho: -20\u00b0C ~ 60\u00b0C Incluido: Controle Remoto IR Garantia: 3 Anos Certificados: CE &amp; RoHS O Controlador Musical de Fita LED RGB 12V permite regular as cores, a luminosidade e o efeito da luz de uma [&hellip;]<\/p>\n","protected":false},"featured_media":11645,"comment_status":"open","ping_status":"closed","template":"","meta":{"_monsterinsights_skip_tracking":false,"_monsterinsights_sitenote_active":false,"_monsterinsights_sitenote_note":"","_monsterinsights_sitenote_category":0},"product_brand":[],"product_cat":[489],"product_tag":[464,492,342],"class_list":{"0":"post-9493","1":"product","2":"type-product","3":"status-publish","4":"has-post-thumbnail","6":"product_cat-fitas-led-12v","7":"product_tag-12v","8":"product_tag-controlador","9":"product_tag-rgb","11":"first","12":"instock","13":"shipping-taxable","14":"purchasable","15":"product-type-simple"},"aioseo_notices":[],"_links":{"self":[{"href":"https:\/\/www.leds2all.pt\/index.php?rest_route=\/wp\/v2\/product\/9493","targetHints":{"allow":["GET"]}}],"collection":[{"href":"https:\/\/www.leds2all.pt\/index.php?rest_route=\/wp\/v2\/product"}],"about":[{"href":"https:\/\/www.leds2all.pt\/index.php?rest_route=\/wp\/v2\/types\/product"}],"replies":[{"embeddable":true,"href":"https:\/\/www.leds2all.pt\/index.php?rest_route=%2Fwp%2Fv2%2Fcomments&post=9493"}],"wp:featuredmedia":[{"embeddable":true,"href":"https:\/\/www.leds2all.pt\/index.php?rest_route=\/wp\/v2\/media\/11645"}],"wp:attachment":[{"href":"https:\/\/www.leds2all.pt\/index.php?rest_route=%2Fwp%2Fv2%2Fmedia&parent=9493"}],"wp:term":[{"taxonomy":"product_brand","embeddable":true,"href":"https:\/\/www.leds2all.pt\/index.php?rest_route=%2Fwp%2Fv2%2Fproduct_brand&post=9493"},{"taxonomy":"product_cat","embeddable":true,"href":"https:\/\/www.leds2all.pt\/index.php?rest_route=%2Fwp%2Fv2%2Fproduct_cat&post=9493"},{"taxonomy":"product_tag","embeddable":true,"href":"https:\/\/www.leds2all.pt\/index.php?rest_route=%2Fwp%2Fv2%2Fproduct_tag&post=9493"}],"curies":[{"name":"wp","href":"https:\/\/api.w.org\/{rel}","templated":true}]}}