{"id":9653,"date":"2020-06-16T15:56:29","date_gmt":"2020-06-16T15:56:29","guid":{"rendered":"https:\/\/www.leds2all.pt\/?post_type=product&#038;p=9653"},"modified":"2020-06-23T08:14:53","modified_gmt":"2020-06-23T08:14:53","slug":"lampada-led-e27-a5-r63-e27-9w-6500k","status":"publish","type":"product","link":"https:\/\/www.leds2all.pt\/?product=lampada-led-e27-a5-r63-e27-9w-6500k","title":{"rendered":"Lampada LED E27 A5 R63 E27 9W 6500K"},"content":{"rendered":"<p>&#8211; Tipo: E27<br \/>\n&#8211; Tens\u00e3o: 230VAC<br \/>\n&#8211; Pot\u00eancia: 9W<br \/>\n&#8211; Temperatura de cor: 6500K (branco frio);<br \/>\n&#8211; Fluxo luminoso: 790lm<br \/>\n&#8211; N\u00e3o dim\u00e1vel<br \/>\n&#8211; Tempo para atingir fluxo luminoso m\u00e1ximo: 0s<br \/>\n&#8211; \u00c2ngulo de abertura: 120\u00ba<br \/>\n&#8211; Dimens\u00f5es: D63*H104mm<\/p>\n","protected":false},"excerpt":{"rendered":"<p>&#8211; Tipo: E27 &#8211; Tens\u00e3o: 230VAC &#8211; Pot\u00eancia: 9W &#8211; Temperatura de cor: 6500K (branco frio); &#8211; Fluxo luminoso: 790lm &#8211; N\u00e3o dim\u00e1vel &#8211; Tempo para atingir fluxo luminoso m\u00e1ximo: 0s &#8211; \u00c2ngulo de abertura: 120\u00ba &#8211; Dimens\u00f5es: D63*H104mm<\/p>\n","protected":false},"featured_media":9654,"comment_status":"open","ping_status":"closed","template":"","meta":{"_monsterinsights_skip_tracking":false,"_monsterinsights_sitenote_active":false,"_monsterinsights_sitenote_note":"","_monsterinsights_sitenote_category":0},"product_brand":[],"product_cat":[359],"product_tag":[339,333,360],"class_list":{"0":"post-9653","1":"product","2":"type-product","3":"status-publish","4":"has-post-thumbnail","6":"product_cat-e27","7":"product_tag-6000k","8":"product_tag-9w","9":"product_tag-e27","11":"first","12":"onbackorder","13":"shipping-taxable","14":"purchasable","15":"product-type-simple"},"aioseo_notices":[],"_links":{"self":[{"href":"https:\/\/www.leds2all.pt\/index.php?rest_route=\/wp\/v2\/product\/9653","targetHints":{"allow":["GET"]}}],"collection":[{"href":"https:\/\/www.leds2all.pt\/index.php?rest_route=\/wp\/v2\/product"}],"about":[{"href":"https:\/\/www.leds2all.pt\/index.php?rest_route=\/wp\/v2\/types\/product"}],"replies":[{"embeddable":true,"href":"https:\/\/www.leds2all.pt\/index.php?rest_route=%2Fwp%2Fv2%2Fcomments&post=9653"}],"wp:featuredmedia":[{"embeddable":true,"href":"https:\/\/www.leds2all.pt\/index.php?rest_route=\/wp\/v2\/media\/9654"}],"wp:attachment":[{"href":"https:\/\/www.leds2all.pt\/index.php?rest_route=%2Fwp%2Fv2%2Fmedia&parent=9653"}],"wp:term":[{"taxonomy":"product_brand","embeddable":true,"href":"https:\/\/www.leds2all.pt\/index.php?rest_route=%2Fwp%2Fv2%2Fproduct_brand&post=9653"},{"taxonomy":"product_cat","embeddable":true,"href":"https:\/\/www.leds2all.pt\/index.php?rest_route=%2Fwp%2Fv2%2Fproduct_cat&post=9653"},{"taxonomy":"product_tag","embeddable":true,"href":"https:\/\/www.leds2all.pt\/index.php?rest_route=%2Fwp%2Fv2%2Fproduct_tag&post=9653"}],"curies":[{"name":"wp","href":"https:\/\/api.w.org\/{rel}","templated":true}]}}