{"id":9915,"date":"2020-07-02T09:05:55","date_gmt":"2020-07-02T09:05:55","guid":{"rendered":"https:\/\/www.leds2all.pt\/?post_type=product&#038;p=9915"},"modified":"2025-01-05T13:08:25","modified_gmt":"2025-01-05T13:08:25","slug":"painel-led-slim-60x30cm-32w-3200lm","status":"publish","type":"product","link":"https:\/\/www.leds2all.pt\/?product=painel-led-slim-60x30cm-32w-3200lm","title":{"rendered":"Painel LED Slim 60x30cm 32W 3200lm"},"content":{"rendered":"<p>&#8211; Tens\u00e3o: 230VAC \/ 50Hz<br \/>\n&#8211; Pot\u00eancia: 32W<br \/>\n&#8211; Fluxo luminoso: 3270Lm<br \/>\n&#8211; Temperatura da cor: 6000K<br \/>\n&#8211; Inclui driver 230VAC<\/p>\n<p>&nbsp;<\/p>\n<p>Para encastrar no teto falso \u00e9 necess\u00e1rio o kit do c\u00f3digo: <span class=\"sku\">4246 \/ KT-ES-PNLS\u00a0<\/span><\/p>\n<p>Para ser fixado ao teto, \u00e9 necess\u00e1rio o kit com o c\u00f3digo: 65875 \/ KIT_SUP_DIR-6030<\/p>\n","protected":false},"excerpt":{"rendered":"<p>&#8211; Tens\u00e3o: 230VAC \/ 50Hz &#8211; Pot\u00eancia: 32W &#8211; Fluxo luminoso: 3270Lm &#8211; Temperatura da cor: 6000K &#8211; Inclui driver 230VAC &nbsp; Para encastrar no teto falso \u00e9 necess\u00e1rio o kit do c\u00f3digo: 4246 \/ KT-ES-PNLS\u00a0 Para ser fixado ao teto, \u00e9 necess\u00e1rio o kit com o c\u00f3digo: 65875 \/ KIT_SUP_DIR-6030<\/p>\n","protected":false},"featured_media":9639,"comment_status":"open","ping_status":"closed","template":"","meta":{"_monsterinsights_skip_tracking":false,"_monsterinsights_sitenote_active":false,"_monsterinsights_sitenote_note":"","_monsterinsights_sitenote_category":0},"product_brand":[],"product_cat":[420],"product_tag":[515,475,339,421],"class_list":{"0":"post-9915","1":"product","2":"type-product","3":"status-publish","4":"has-post-thumbnail","6":"product_cat-painel-quadrado-embutir","7":"product_tag-120x30","8":"product_tag-40w","9":"product_tag-6000k","10":"product_tag-painel","12":"first","13":"onbackorder","14":"shipping-taxable","15":"purchasable","16":"product-type-simple"},"aioseo_notices":[],"_links":{"self":[{"href":"https:\/\/www.leds2all.pt\/index.php?rest_route=\/wp\/v2\/product\/9915","targetHints":{"allow":["GET"]}}],"collection":[{"href":"https:\/\/www.leds2all.pt\/index.php?rest_route=\/wp\/v2\/product"}],"about":[{"href":"https:\/\/www.leds2all.pt\/index.php?rest_route=\/wp\/v2\/types\/product"}],"replies":[{"embeddable":true,"href":"https:\/\/www.leds2all.pt\/index.php?rest_route=%2Fwp%2Fv2%2Fcomments&post=9915"}],"wp:featuredmedia":[{"embeddable":true,"href":"https:\/\/www.leds2all.pt\/index.php?rest_route=\/wp\/v2\/media\/9639"}],"wp:attachment":[{"href":"https:\/\/www.leds2all.pt\/index.php?rest_route=%2Fwp%2Fv2%2Fmedia&parent=9915"}],"wp:term":[{"taxonomy":"product_brand","embeddable":true,"href":"https:\/\/www.leds2all.pt\/index.php?rest_route=%2Fwp%2Fv2%2Fproduct_brand&post=9915"},{"taxonomy":"product_cat","embeddable":true,"href":"https:\/\/www.leds2all.pt\/index.php?rest_route=%2Fwp%2Fv2%2Fproduct_cat&post=9915"},{"taxonomy":"product_tag","embeddable":true,"href":"https:\/\/www.leds2all.pt\/index.php?rest_route=%2Fwp%2Fv2%2Fproduct_tag&post=9915"}],"curies":[{"name":"wp","href":"https:\/\/api.w.org\/{rel}","templated":true}]}}