{"id":9947,"date":"2020-07-02T16:05:00","date_gmt":"2020-07-02T16:05:00","guid":{"rendered":"https:\/\/www.leds2all.pt\/?post_type=product&#038;p=9947"},"modified":"2022-05-01T17:26:23","modified_gmt":"2022-05-01T17:26:23","slug":"mascara-descartavel-de-proteccao-anti-bacteriana-3-camadas","status":"publish","type":"product","link":"https:\/\/www.leds2all.pt\/?product=mascara-descartavel-de-proteccao-anti-bacteriana-3-camadas","title":{"rendered":"M\u00e1scara Descart\u00e1vel de Protec\u00e7\u00e3o Anti-Bacteriana (3 Camadas);"},"content":{"rendered":"<p>&#8211; Ajuste Perfeito<br \/>\n&#8211; N\u00e3o Tecido<br \/>\n&#8211; F\u00e1cil Respira\u00e7\u00e3o<br \/>\n&#8211; Alta Capcidade de Filtragem<br \/>\n&#8211; Fabrico de Tecido Multi-Camadas<br \/>\n&#8211; Barra de Nariz Adapt\u00e1vel e Confort\u00e1vel Projectada Cuidadosamente para Proporcionar a Excelente Barreira.<br \/>\n&#8211; EN 149: 2001 + A1: 2009<\/p>\n","protected":false},"excerpt":{"rendered":"<p>&#8211; Ajuste Perfeito &#8211; N\u00e3o Tecido &#8211; F\u00e1cil Respira\u00e7\u00e3o &#8211; Alta Capcidade de Filtragem &#8211; Fabrico de Tecido Multi-Camadas &#8211; Barra de Nariz Adapt\u00e1vel e Confort\u00e1vel Projectada Cuidadosamente para Proporcionar a Excelente Barreira. &#8211; EN 149: 2001 + A1: 2009<\/p>\n","protected":false},"featured_media":0,"comment_status":"open","ping_status":"closed","template":"","meta":{"_monsterinsights_skip_tracking":false,"_monsterinsights_sitenote_active":false,"_monsterinsights_sitenote_note":"","_monsterinsights_sitenote_category":0},"product_brand":[],"product_cat":[494],"product_tag":[560],"class_list":{"0":"post-9947","1":"product","2":"type-product","3":"status-publish","5":"product_cat-utilidades-casa","6":"product_tag-mascara","8":"first","9":"instock","10":"shipping-taxable","11":"purchasable","12":"product-type-simple"},"aioseo_notices":[],"_links":{"self":[{"href":"https:\/\/www.leds2all.pt\/index.php?rest_route=\/wp\/v2\/product\/9947","targetHints":{"allow":["GET"]}}],"collection":[{"href":"https:\/\/www.leds2all.pt\/index.php?rest_route=\/wp\/v2\/product"}],"about":[{"href":"https:\/\/www.leds2all.pt\/index.php?rest_route=\/wp\/v2\/types\/product"}],"replies":[{"embeddable":true,"href":"https:\/\/www.leds2all.pt\/index.php?rest_route=%2Fwp%2Fv2%2Fcomments&post=9947"}],"wp:attachment":[{"href":"https:\/\/www.leds2all.pt\/index.php?rest_route=%2Fwp%2Fv2%2Fmedia&parent=9947"}],"wp:term":[{"taxonomy":"product_brand","embeddable":true,"href":"https:\/\/www.leds2all.pt\/index.php?rest_route=%2Fwp%2Fv2%2Fproduct_brand&post=9947"},{"taxonomy":"product_cat","embeddable":true,"href":"https:\/\/www.leds2all.pt\/index.php?rest_route=%2Fwp%2Fv2%2Fproduct_cat&post=9947"},{"taxonomy":"product_tag","embeddable":true,"href":"https:\/\/www.leds2all.pt\/index.php?rest_route=%2Fwp%2Fv2%2Fproduct_tag&post=9947"}],"curies":[{"name":"wp","href":"https:\/\/api.w.org\/{rel}","templated":true}]}}